{"id":1869,"date":"2025-02-12T10:36:31","date_gmt":"2025-02-12T09:36:31","guid":{"rendered":"https:\/\/expopell.com\/politica-de-privadesa\/"},"modified":"2025-03-11T08:46:52","modified_gmt":"2025-03-11T07:46:52","slug":"politica-de-privadesa","status":"publish","type":"page","link":"https:\/\/expopell.com\/ca\/politica-de-privadesa\/","title":{"rendered":"Pol\u00edtica de privadesa"},"content":{"rendered":"\t\t<div data-elementor-type=\"wp-page\" data-elementor-id=\"1869\" class=\"elementor elementor-1869 elementor-3\" data-elementor-post-type=\"page\">\n\t\t\t\t<div class=\"elementor-element elementor-element-fe9ca74 e-flex e-con-boxed e-con e-parent\" data-id=\"fe9ca74\" data-element_type=\"container\" data-e-type=\"container\" data-settings=\"{&quot;background_background&quot;:&quot;classic&quot;}\">\n\t\t\t\t\t<div class=\"e-con-inner\">\n\t\t<div class=\"elementor-element elementor-element-5a2208d e-con-full e-flex e-con e-child\" data-id=\"5a2208d\" data-element_type=\"container\" data-e-type=\"container\">\n\t\t\t\t<div class=\"elementor-element elementor-element-7978e3b elementor-widget elementor-widget-heading\" data-id=\"7978e3b\" data-element_type=\"widget\" data-e-type=\"widget\" data-widget_type=\"heading.default\">\n\t\t\t\t<div class=\"elementor-widget-container\">\n\t\t\t\t\t<h1 class=\"elementor-heading-title elementor-size-default\">Pol\u00edtica de privadesa<\/h1>\t\t\t\t<\/div>\n\t\t\t\t<\/div>\n\t\t\t\t<\/div>\n\t\t<div class=\"elementor-element elementor-element-3f76d63 e-con-full e-flex e-con e-child\" data-id=\"3f76d63\" data-element_type=\"container\" data-e-type=\"container\">\n\t\t\t\t<\/div>\n\t\t\t\t\t<\/div>\n\t\t\t\t<\/div>\n\t\t<div class=\"elementor-element elementor-element-1255ee0 e-flex e-con-boxed e-con e-parent\" data-id=\"1255ee0\" data-element_type=\"container\" data-e-type=\"container\">\n\t\t\t\t\t<div class=\"e-con-inner\">\n\t\t<div class=\"elementor-element elementor-element-50a97d9 e-con-full e-flex e-con e-child\" data-id=\"50a97d9\" data-element_type=\"container\" data-e-type=\"container\">\n\t\t\t\t<div class=\"elementor-element elementor-element-bed6c3f elementor-widget elementor-widget-text-editor\" data-id=\"bed6c3f\" data-element_type=\"widget\" data-e-type=\"widget\" data-widget_type=\"text-editor.default\">\n\t\t\t\t<div class=\"elementor-widget-container\">\n\t\t\t\t\t\t\t\t\t<h4>Pol\u00edtica de protecci\u00f3 de dades<\/h4>\nArran de l&#8217;entrada en vigor del Reglament (UE) 2016\/679 del Parlament Europeu i del Consell, de 27 d&#8217;abril de 2016, relatiu a la protecci\u00f3 de les persones f\u00edsiques pel que fa al tractament de dades personals ia la lliure circulaci\u00f3 d&#8217;aquestes dades i pel que es deroga la informaci\u00f3 de tots els lloc web del sal\u00f3 Expohogar formaran part d&#8217;un tractament titularitat del Col\u00b7legi Oficial d&#8217;Agents Comercials de Barcelona (COACB), titular del lloc web esmentat i amb domicili social al carrer Casp, 130 08013 Barcelona i CIF Q 0873007 I, la finalitat del qual \u00e9s la de prestar els serveis sol\u00b7licitats i informar sobre not\u00edcies.\n<h5>Qui \u00e9s el responsable del tractament de les vostres dades?<\/h5>\n<ul>\n \t<li><strong>Identitat:<\/strong> Col\u00b7legi Oficial d&#8217;Agents Comercials de Barcelona (COACB)<\/li>\n \t<li><strong>NIF:<\/strong> Q 0873007 I<\/li>\n \t<li><strong>Adre\u00e7a postal:<\/strong> C. Casp, 130 08013 Barcelona<\/li>\n \t<li><strong>Contacte Delegat de Protecci\u00f3 de Dades:<\/strong> <a href=\"mailto:dpd@coacb.com\">dpd@coacb.com<\/a><\/li>\n \t<li><strong>Contacte amb COACB:<\/strong> <a href=\"mailto:coacb@coacb.com\">coacb@coacb.com<\/a><\/li>\n<\/ul>\n<h5>Amb quina finalitat tractem les vostres dades personals?<\/h5>\nA COACB tractem la informaci\u00f3 que ens faciliten les empreses per poder gestionar la seva participaci\u00f3 al Sal\u00f3 EXPOHOGAR o per atendre les seves consultes.\n<h5>Per quant de temps conservarem les vostres dades?<\/h5>\nLes dades personals proporcionades per gestionar la seva participaci\u00f3 es conservaran fins al compliment de les respectives obligacions contractuals de prestaci\u00f3 de serveis del sal\u00f3. Posteriorment les dades es poden mantenir bloquejades nom\u00e9s per complir obligacions legals de conservaci\u00f3 per possibles responsabilitats derivades del tractament fins que finalitzin els terminis de prescripci\u00f3 legal. \n\nLes dades tractades per atendre les vostres consultes es conservaran fins que se sol\u00b7licite la supressi\u00f3 o es revoqui el consentiment per part de l&#8217;interessat. Per revocar el vostre consentiment podeu presentar la vostra sol\u00b7licitud al correu: <a href=\"mailto:dpd@coacb.com\">dpd@coacb.com<\/a> . \n<h5>Quina \u00e9s la legitimaci\u00f3 per al tractament de les vostres dades?<\/h5>\nLa base jur\u00eddica perqu\u00e8 COACB tracti les dades amb la finalitat de gestionar la participaci\u00f3 al Sal\u00f3 EXPOHOGAR \u00e9s l&#8217;execuci\u00f3 del contracte.\n\nLa base legal per al tractament de les vostres dades amb la finalitat d&#8217;atendre les vostres consultes sobre el sal\u00f3, \u00e9s l&#8217;aportaci\u00f3 del consentiment.\n<h5>Com hem obtingut les vostres dades?<\/h5>\nLes dades personals que tractem procedeixen de la pr\u00f2pia persona interessada.\n\nLes categories de dades que es tracten s\u00f3n: dades didentificaci\u00f3, codis o claus didentificaci\u00f3, adre\u00e7a postal o electr\u00f2nica, dades financeres i banc\u00e0ries.\n<h5>Quins s\u00f3n els vostres drets quan ens facilita les vostres dades?<\/h5>\n<ul>\n \t<li>Qualsevol persona t\u00e9 dret a obtenir confirmaci\u00f3 sobre si a COACB estem tractant dades personals que els concerneixin, o no.<\/li>\n \t<li>Les persones interessades tenen dret a accedir a les seves dades personals, aix\u00ed com a sol\u00b7licitar la rectificaci\u00f3 de les dades inexactes o, si escau, sol\u00b7licitar-ne la supressi\u00f3 quan, entre altres motius, les dades ja no siguin necess\u00e0ries per als fins que van ser recollides.<\/li>\n \t<li>En determinades circumst\u00e0ncies, les persones interessades podran sol\u00b7licitar la limitaci\u00f3 del tractament de les seves dades, cas en qu\u00e8 \u00fanicament les conservarem per a l&#8217;exercici o la defensa de reclamacions.<\/li>\n \t<li>En determinades circumst\u00e0ncies i per motius relacionats amb la seva situaci\u00f3 particular, les persones interessades es poden oposar al tractament de les seves dades. COACB deixar\u00e0 de tractar les dades, tret de motius leg\u00edtims imperiosos, o l&#8217;exercici o la defensa de possibles reclamacions. <\/li>\n \t<li>Les persones interessades podran sol\u00b7licitar la portabilitat de les dades en suport automatitzat a un altre responsable.<\/li>\n \t<li>En el moment de la cancel\u00b7laci\u00f3 de les dades, nom\u00e9s les conservarem bloquejades en compliment d&#8217;obligacions legals.<\/li>\n \t<li>Podeu consultar m\u00e9s informaci\u00f3 sobre l&#8217;exercici dels vostres drets o presentar una reclamaci\u00f3, davant l&#8217;Autoritat Catalana de Protecci\u00f3 de Dades, al carrer Rossell\u00f3 214, Esc. A, 1r. 1a., 08008 Barcelona, \u200b\u200bo al web <a href=\"http:\/\/apdcat.gencat.cat\">apdcat.gencat.cat<\/a> .<\/li>\n<\/ul>\nPodeu exercir els drets d&#8217;acc\u00e9s, rectificaci\u00f3, supressi\u00f3, oposici\u00f3, portabilitat de les dades i dret a la limitaci\u00f3 del tractament, directament al nostre departament de protecci\u00f3 de dades enviant un correu electr\u00f2nic <a href=\"mailto:coacb@coacb.com\">coacb@coacb.com<\/a> .\n<h5>Com garantim la seguretat de les vostres dades?<\/h5>\nCOACB adoptar\u00e0 les mesures necess\u00e0ries per evitar-ne l&#8217;alteraci\u00f3, el tractament o l&#8217;acc\u00e9s no autoritzat, tenint en compte en tot moment l&#8217;estat de la tecnologia.\t\t\t\t\t\t\t\t<\/div>\n\t\t\t\t<\/div>\n\t\t\t\t<\/div>\n\t\t\t\t\t<\/div>\n\t\t\t\t<\/div>\n\t\t\t\t<\/div>\n\t\t","protected":false},"excerpt":{"rendered":"<p>Pol\u00edtica de protecci\u00f3 de dades Arran de l&#8217;entrada en vigor del Reglament (UE) 2016\/679 del Parlament Europeu i del Consell, de 27 d&#8217;abril de 2016, relatiu a la protecci\u00f3 de les persones f\u00edsiques pel que fa al tractament de dades personals ia la lliure circulaci\u00f3 d&#8217;aquestes dades i pel que es deroga la informaci\u00f3 de [&hellip;]<\/p>\n","protected":false},"author":1,"featured_media":0,"parent":0,"menu_order":0,"comment_status":"closed","ping_status":"closed","template":"","meta":{"_acf_changed":false,"footnotes":""},"class_list":["post-1869","page","type-page","status-publish","hentry"],"acf":[],"_links":{"self":[{"href":"https:\/\/expopell.com\/ca\/wp-json\/wp\/v2\/pages\/1869","targetHints":{"allow":["GET"]}}],"collection":[{"href":"https:\/\/expopell.com\/ca\/wp-json\/wp\/v2\/pages"}],"about":[{"href":"https:\/\/expopell.com\/ca\/wp-json\/wp\/v2\/types\/page"}],"author":[{"embeddable":true,"href":"https:\/\/expopell.com\/ca\/wp-json\/wp\/v2\/users\/1"}],"replies":[{"embeddable":true,"href":"https:\/\/expopell.com\/ca\/wp-json\/wp\/v2\/comments?post=1869"}],"version-history":[{"count":1,"href":"https:\/\/expopell.com\/ca\/wp-json\/wp\/v2\/pages\/1869\/revisions"}],"predecessor-version":[{"id":1870,"href":"https:\/\/expopell.com\/ca\/wp-json\/wp\/v2\/pages\/1869\/revisions\/1870"}],"wp:attachment":[{"href":"https:\/\/expopell.com\/ca\/wp-json\/wp\/v2\/media?parent=1869"}],"curies":[{"name":"wp","href":"https:\/\/api.w.org\/{rel}","templated":true}]}}

Política de privadesa

<div data-elementor-type="wp-page" data-elementor-id="1869" class="elementor elementor-1869 elementor-3" data-elementor-post-type="page">
				<div class="elementor-element elementor-element-fe9ca74 e-flex e-con-boxed e-con e-parent" data-id="fe9ca74" data-element_type="container" data-e-type="container" data-settings="{&quot;background_background&quot;:&quot;classic&quot;}">
					<div class="e-con-inner">
		<div class="elementor-element elementor-element-5a2208d e-con-full e-flex e-con e-child" data-id="5a2208d" data-element_type="container" data-e-type="container">
				<div class="elementor-element elementor-element-7978e3b elementor-widget elementor-widget-heading" data-id="7978e3b" data-element_type="widget" data-e-type="widget" data-widget_type="heading.default">
				<div class="elementor-widget-container">
					<h1 class="elementor-heading-title elementor-size-default">Política de privadesa</h1>				</div>
				</div>
				</div>
		<div class="elementor-element elementor-element-3f76d63 e-con-full e-flex e-con e-child" data-id="3f76d63" data-element_type="container" data-e-type="container">
				</div>
					</div>
				</div>
		<div class="elementor-element elementor-element-1255ee0 e-flex e-con-boxed e-con e-parent" data-id="1255ee0" data-element_type="container" data-e-type="container">
					<div class="e-con-inner">
		<div class="elementor-element elementor-element-50a97d9 e-con-full e-flex e-con e-child" data-id="50a97d9" data-element_type="container" data-e-type="container">
				<div class="elementor-element elementor-element-bed6c3f elementor-widget elementor-widget-text-editor" data-id="bed6c3f" data-element_type="widget" data-e-type="widget" data-widget_type="text-editor.default">
				<div class="elementor-widget-container">
									<h4>Política de protecció de dades</h4>
Arran de l&#8217;entrada en vigor del Reglament (UE) 2016/679 del Parlament Europeu i del Consell, de 27 d&#8217;abril de 2016, relatiu a la protecció de les persones físiques pel que fa al tractament de dades personals ia la lliure circulació d&#8217;aquestes dades i pel que es deroga la informació de tots els lloc web del saló Expohogar formaran part d&#8217;un tractament titularitat del Col·legi Oficial d&#8217;Agents Comercials de Barcelona (COACB), titular del lloc web esmentat i amb domicili social al carrer Casp, 130 08013 Barcelona i CIF Q 0873007 I, la finalitat del qual és la de prestar els serveis sol·licitats i informar sobre notícies.
<h5>Qui és el responsable del tractament de les vostres dades?</h5>
<ul>
 	<li><strong>Identitat:</strong> Col·legi Oficial d&#8217;Agents Comercials de Barcelona (COACB)</li>
 	<li><strong>NIF:</strong> Q 0873007 I</li>
 	<li><strong>Adreça postal:</strong> C. Casp, 130 08013 Barcelona</li>
 	<li><strong>Contacte Delegat de Protecció de Dades:</strong> <a href="mailto:dpd@coacb.com">dpd@coacb.com</a></li>
 	<li><strong>Contacte amb COACB:</strong> <a href="mailto:coacb@coacb.com">coacb@coacb.com</a></li>
</ul>
<h5>Amb quina finalitat tractem les vostres dades personals?</h5>
A COACB tractem la informació que ens faciliten les empreses per poder gestionar la seva participació al Saló EXPOHOGAR o per atendre les seves consultes.
<h5>Per quant de temps conservarem les vostres dades?</h5>
Les dades personals proporcionades per gestionar la seva participació es conservaran fins al compliment de les respectives obligacions contractuals de prestació de serveis del saló. Posteriorment les dades es poden mantenir bloquejades només per complir obligacions legals de conservació per possibles responsabilitats derivades del tractament fins que finalitzin els terminis de prescripció legal. 

Les dades tractades per atendre les vostres consultes es conservaran fins que se sol·licite la supressió o es revoqui el consentiment per part de l&#8217;interessat. Per revocar el vostre consentiment podeu presentar la vostra sol·licitud al correu: <a href="mailto:dpd@coacb.com">dpd@coacb.com</a> . 
<h5>Quina és la legitimació per al tractament de les vostres dades?</h5>
La base jurídica perquè COACB tracti les dades amb la finalitat de gestionar la participació al Saló EXPOHOGAR és l&#8217;execució del contracte.

La base legal per al tractament de les vostres dades amb la finalitat d&#8217;atendre les vostres consultes sobre el saló, és l&#8217;aportació del consentiment.
<h5>Com hem obtingut les vostres dades?</h5>
Les dades personals que tractem procedeixen de la pròpia persona interessada.

Les categories de dades que es tracten són: dades didentificació, codis o claus didentificació, adreça postal o electrònica, dades financeres i bancàries.
<h5>Quins són els vostres drets quan ens facilita les vostres dades?</h5>
<ul>
 	<li>Qualsevol persona té dret a obtenir confirmació sobre si a COACB estem tractant dades personals que els concerneixin, o no.</li>
 	<li>Les persones interessades tenen dret a accedir a les seves dades personals, així com a sol·licitar la rectificació de les dades inexactes o, si escau, sol·licitar-ne la supressió quan, entre altres motius, les dades ja no siguin necessàries per als fins que van ser recollides.</li>
 	<li>En determinades circumstàncies, les persones interessades podran sol·licitar la limitació del tractament de les seves dades, cas en què únicament les conservarem per a l&#8217;exercici o la defensa de reclamacions.</li>
 	<li>En determinades circumstàncies i per motius relacionats amb la seva situació particular, les persones interessades es poden oposar al tractament de les seves dades. COACB deixarà de tractar les dades, tret de motius legítims imperiosos, o l&#8217;exercici o la defensa de possibles reclamacions. </li>
 	<li>Les persones interessades podran sol·licitar la portabilitat de les dades en suport automatitzat a un altre responsable.</li>
 	<li>En el moment de la cancel·lació de les dades, només les conservarem bloquejades en compliment d&#8217;obligacions legals.</li>
 	<li>Podeu consultar més informació sobre l&#8217;exercici dels vostres drets o presentar una reclamació, davant l&#8217;Autoritat Catalana de Protecció de Dades, al carrer Rosselló 214, Esc. A, 1r. 1a., 08008 Barcelona, ​​o al web <a href="http://apdcat.gencat.cat">apdcat.gencat.cat</a> .</li>
</ul>
Podeu exercir els drets d&#8217;accés, rectificació, supressió, oposició, portabilitat de les dades i dret a la limitació del tractament, directament al nostre departament de protecció de dades enviant un correu electrònic <a href="mailto:coacb@coacb.com">coacb@coacb.com</a> .
<h5>Com garantim la seguretat de les vostres dades?</h5>
COACB adoptarà les mesures necessàries per evitar-ne l&#8217;alteració, el tractament o l&#8217;accés no autoritzat, tenint en compte en tot moment l&#8217;estat de la tecnologia.								</div>
				</div>
				</div>
					</div>
				</div>
				</div>

<p>Política de protecció de dades Arran de l&#8217;entrada en vigor del Reglament (UE) 2016/679 del Parlament Europeu i del Consell, de 27 d&#8217;abril de 2016, relatiu a la protecció de les persones físiques pel que fa al tractament de dades personals ia la lliure circulació d&#8217;aquestes dades i pel que es deroga la informació de [&hellip;]</p>
